nder when x(u) is divided by 14?
11
Let c = 195 - 187. Calculate the remainder when 21 is divided by c.
5
Suppose 6*h - 23*h = -323. Calculate the remainder when 91 is divided by h.
15
Suppose -s + 3 = 0, 39 + 46 = y + 4*s. Let r = y + -56. What is the remainder when 66 is divided by r?
15
Let h = 4 + 32. Suppose 4*n - g = 263, 6*n - 3*g - 186 = 3*n. Calculate the remainder when n is divided by h.
31
Let j = -53 - -55. Suppose 4*k + 0*l + j*l - 116 = 0, l - 89 = -3*k. Calculate the remainder when k is divided by 17.
14
Suppose -w = 5, 4*w + 2200 = 36*d - 31*d. What is the remainder when d is divided by 22?
18
Let c(g) = 11*g - 66. Let n be c(12). Suppose 0 = 4*d - 3*f - 191, 3*f + 37 = 2*d - n. Calculate the remainder when d is divided by 9.
8
Let w = 15 - 6. Suppose 7*b - 540 = 4*b. Suppose -4*a - 94 = -3*i, 7*i - 2*i + 5*a = b. Calculate the remainder when i is divided by w.
7
Let y(t) = -2*t**3 + 2*t**2 - t - 8. Calculate the remainder when 34 is divided by y(-2).
16
Let m = 14 + -8. Let g(h) = -h**3 + 16*h**2 + 14*h + 80. Calculate the remainder when g(17) is divided by m.
5
Suppose -x + 2*r + 78 = 0, 0 = 3*x + r - 81 - 188. Calculate the remainder when x is divided by (2 + -1)*-1 - -10.
7
Let q(x) = x**2 - 52*x + 684. What is the remainder when q(20) is divided by 8/28 - (-82)/7?
8
Let a(m) = 19*m**2 - 3*m + 5. Suppose 6 = 6*y - 3*y. Calculate the remainder when a(y) is divided by 20.
15
Let n(k) = k**3 + 7*k**2 - k + 8. What is the remainder when (-2 - -37)*(-88)/(-154) is divided by n(-7)?
5
Let n be (-3)/(3/(-5)) + -2. Let w(i) = -n*i - 2*i + 4*i + 23. What is the remainder when w(10) is divided by 5?
3
Suppose 0 = 4*i - 5*d - 6, 2*i + 18 = 6*i + d. Calculate the remainder when 8 is divided by i.
0
Suppose -232 + 11 = -13*j. What is the remainder when 25 is divided by j?
8
Let t = -432 - -466. Calculate the remainder when 97 is divided by t.
29
Suppose 0 = -4*s - 2*g + g + 295, 2*g = 6. What is the remainder when 217 is divided by s?
71
Let j(r) = -r**3 - 18*r**2 + 22*r + 15. Let u be j(-19). What is the remainder when 80 is divided by 2/(123/u + 3)?
24
Suppose 3*r - 4*q - 9189 = -1670, -4*q - 5014 = -2*r. What is the remainder when (r/9 - 2) + (-2)/(-3) is divided by 40?
37
Suppose -10*a + 219 = -31. Let k = -8 + a. What is the remainder when k is divided by 8?
1
Let q be (6/9)/(-2 - (-37)/18). Let z = 5 + q. What is the remainder when 66 is divided by z?
15
Let q = -60 - -84. Suppose 8 = 5*g + 4*a - 22, 0 = -4*g + 4*a + q. Suppose 3*n = -5*k + 54, 4*n = -2*k + g + 52. What is the remainder when n is divided by 7?
6
Suppose 15*n - 55 = -5*t + 20*n, -39 = -4*t - n. What is the remainder when 209 is divided by t?
9
Let t = -514 - -648. Calculate the remainder when t is divided by 9.
8
Let n be 3/12*(-4 - -16). Let p be 2 - n/(-1 + -2). Suppose -5*j = -p*d - 47, j = -4*j - 5*d + 15. Calculate the remainder when 12 is divided by j.
5
Suppose -5 = -3*s + 7. Suppose t - 9 = 2*i, -5*t - 6*i = -3*i - 71. Calculate the remainder when t is divided by s.
1
Let r = -10 - -15. Suppose 2*z - q + 6 = 172, 20 = -r*q. Let y = -21 - -33. What is the remainder when z is divided by y?
9
Let g(c) = -c**3 + c**2 + 6*c - 1. Suppose 0 = -4*j + 9*j - 2*y - 5, 2*y = -5*j + 5. Let s = j - -4. What is the remainder when g(-3) is divided by s?
2
Let z = 8 + 3. Suppose 4*a - z = -t, 3*a = -3*t - a + 57. Suppose 4*l - 64 = 4*k, 0 = l + 3*k - 50 + 46. What is the remainder when t is divided by l?
10
Let f = 66 + -64. Let t(o) be the first derivative of 5*o**2 - 5*o - 1. What is the remainder when t(f) is divided by 8?
7
Let z be -5 - 13/(26/(-12)). Suppose 0 = -x - z + 36. Calculate the remainder when 312 is divided by x.
32
Let x = 12 - -2. What is the remainder when 17 is divided by (35/x)/((-1)/(-2))?
2
Suppose -2 + 7 = 5*p. What is the remainder when (p/(-2))/(((-40)/(-5))/(-1968)) is divided by 21?
18
What is the remainder when (-2)/(-5) - (132/(-20) - -4) is divided by 1?
0
Let v = -229 + 268. Calculate the remainder when 112 is divided by v.
34
Suppose -17*y + 15*y + 28 = 0. Calculate the remainder when 72 is divided by y.
2
Let u(d) = -d**3 - d**2 - 1. Let o be u(-1). Let q(i) = -4*i**3 + 3*i**2 + 3*i + 1. Suppose -5 = -s + 13. Calculate the remainder when s is divided by q(o).
3
Suppose -3*u + 277 = 79. Calculate the remainder when 233 is divided by u.
35
Let a(i) = i**3 + i. Let p(j) = -j**3 + 6*j**2 + 11*j - 17. Calculate the remainder when a(3) is divided by p(7).
8
Let g(c) = 3*c + 43. Let v be g(-6). Suppose 23*h - v*h + 62 = 0. Calculate the remainder when h is divided by 20.
11
What is the remainder when 131 is divided by 5/2 - (-1)/((-14)/(-721))?
23
Let h be 50/75 - 608/(-6). Suppose 3*l = -3*u + h, 0 = -4*u + 5*l + 3 + 142. What is the remainder when u is divided by 9?
8
Suppose 2*z + 15 = 3*z + 4*q, 3*z - q + 7 = 0. What is the remainder when 26 is divided by (-3 - 2/z)*-7?
5
Suppose 3*q + 5*x = 272, -2*x + 361 = 4*q - 11. Calculate the remainder when 212 is divided by q.
24
Suppose -4*u + 9*u = 25. Let j(g) = -15*g**3 - 2*g**2 - g - 1. Let m be 3 + -7 + 12/4. Calculate the remainder when j(m) is divided by u.
3
Suppose -s + 319 = -5*r, -4*s + 1333 = 3*r - 4*r. What is the remainder when s is divided by 4/(-16) - 579/(-12)?
46
Let p = 5 + -13. Let l be (-2)/3*33/(-2). Let s = p + l. What is the remainder when 5 is divided by s?
2
Suppose -5*v + 50 = -2*j, -1 = v - 4*j - 29. What is the remainder when 564/v - (-1)/2 is divided by 12?
11
Suppose -45*w + 630 = -495. Calculate the remainder when 79 is divided by w.
4
Suppose -4*m + 2*f + 22 = -0*f, -m + 3*f = -3. Calculate the remainder when 53 is divided by m.
5
Let z(g) = -3*g**2 - 5*g - 4. Let n be z(-2). Let x = -8 + 31. Calculate the remainder when 0 - (n - -4) - -88 is divided by x.
21
Suppose -404 + 1172 = 32*z. What is the remainder when 358 is divided by z?
22
Let i be (0 + 2 - -60)/1. Suppose 12 - i = -5*s. Let m = -58 + 87. Calculate the remainder when m is divided by s.
9
Let l = 30 - 32. What is the remainder when 39 is divided by l/(-22)*233 + 4/(-22)?
18
Suppose 6560 = 17*f + 3*f. What is the remainder when f is divided by 55?
53
Suppose 0 = 66*i - 72*i + 54. What is the remainder when 68 is divided by i?
5
Let c = -524 - -548. What is the remainder when 72 is divided by c?
0
Suppose -2*r = -4*v + 174, v - 2*r = 18 + 18. What is the remainder when 136 is divided by v?
44
Suppose -143 = -18*k + 55. Suppose 0*z = 5*z - 30. What is the remainder when k is divided by z?
5
Let f(x) = -198*x - 987. What is the remainder when f(-7) is divided by 31?
27
What is the remainder when 12/20*5 + 602 + 0 is divided by 76?
73
Let f(u) = -1 + 0*u + 5*u - 2*u. Suppose -3*n - 57 = -6*n. What is the remainder when n is divided by f(2)?
4
Suppose 2*b = 4*h + 5*b - 108, 4*b = -2*h + 54. What is the remainder when 21 is divided by 1 + h/(-33) - (-192)/33?
3
Suppose 2 = -b, r = 2*b + 12 + 20. Suppose 7*t = 24 + 11. Suppose t*s + 5 = u, 3*u = 4*s - 2*s + 28. Calculate the remainder when r is divided by u.
8
Suppose 36 = 5*w + 2*r - 58, w + 5*r = 5. Suppose 42 = 2*p - 5*q + q, p - q = w. Calculate the remainder when 111 is divided by p.
16
Let q(c) = -42*c - 1255. Suppose 4*k + 13 = 65. Calculate the remainder when k is divided by q(-30).
3
Let j(c) = 25*c - 391. Calculate the remainder when j(20) is divided by 34.
7
Let i(f) = f**2 - 4*f + 7. Let t = -20 + 12. Let v be i(t). Let b = v - 52. Calculate the remainder when b is divided by 18.
15
Let r = -964 + 1042. Calculate the remainder when r is divided by 2.
0
Suppose 4*b = 5*x - 333, 4*x = x - 4*b + 187. What is the remainder when 191 is divided by x?
61
Suppose 2*q + 0*q - 86 = 0. Suppose 13 + q = 4*z. What is the remainder when 53 is divided by z?
11
Calculate the remainder when 506717/696 - (-1)/(-24) is divided by 12.
8
Let h be ((-5)/(-1))/(-10)*2*31. Let d = h + 46. What is the remainder when 89 is divided by d?
14
Let v(z) = -z**3 + z**2 + 5*z - 3. Let i(r) = -r**3 - 6*r**2 + 5*r + 6. What is the remainder when v(-4) is divided by i(-7)?
17
Let o(k) = 3*k**2 - 11*k + 33. What is the remainder when 112 is divided by o(7)?
9
Suppose 0 = -18*f + 642 - 84. What is the remainder when 216 is divided by f?
30
Let o(a) be the third derivative of -a**6/12